+ g = 8*x. What is the remainder when y(-70) is divided by x?
0
Let a(q) = -q**3 - 12*q**2 + 11*q. Suppose 0*b + 7*b + 91 = 0. Let f = -22 - -31. What is the remainder when a(b) is divided by f?
8
Suppose 4*z + 36 = 476. Let b = z + -33. What is the remainder when b is divided by 16?
13
Let x(a) = 2*a**3 - 32*a**2 - 69*a - 8. Calculate the remainder when 79 is divided by x(18).
33
Calculate the remainder when 97 is divided by ((-12)/(-8) + 3)*(-11 + 17).
16
Let l(a) = -3*a**2 - 4*a + 3. Let j be l(3). Calculate the remainder when 64 is divided by (-9)/j - ((-127)/4 + -1).
31
What is the remainder when (-3 - -2) + 40*3 is divided by 300/(-36)*(-1 - 26/10)?
29
Suppose -8*r = -r + 70. Let g(p) = -p**2 - 15*p - 31. What is the remainder when 35 is divided by g(r)?
16
What is the remainder when 181 is divided by 46 + 5/((-175)/(-49))*-5?
25
Let i = 874 + -866. Calculate the remainder when 134 is divided by i.
6
Let o = -123 - -148. What is the remainder when 97 is divided by o?
22
What is the remainder when (-35)/(-14) + 616/16 is divided by 41?
0
Let l(c) = 7*c**2 + 18*c + 17. Let y(n) = 15*n**2 + 37*n + 34. Let q(i) = -13*l(i) + 6*y(i). Calculate the remainder when 54 is divided by q(-8).
9
Let n = 25 - 14. Let t be (-3)/(-1) + (n - 15). What is the remainder when t - -26 - (-7 - -5) is divided by 14?
13
Let b(k) = -21*k**3 - 2*k**2 - 7*k - 6. What is the remainder when 179 is divided by b(-1)?
19
Let f = -244 - -254. Calculate the remainder when 67 is divided by f.
7
Let p be (6 - 4) + -2 + 171. Let w = -83 + p. What is the remainder when w is divided by 18?
16
Let a(v) = v**2 - 21*v - 7. What is the remainder when 182 is divided by a(23)?
26
Suppose -i = -b + 2*b - 47, 3*b = 2*i - 74. What is the remainder when 135 is divided by i?
6
Let i = -1005 - -1395. What is the remainder when i is divided by 56?
54
Suppose -x = x - 78. What is the remainder when x is divided by ((-7)/(28/16) - -7) + 8?
6
Let v(m) = m**3 + 10*m**2 - m - 1. Let a(k) = -k**3 + 6*k**2 + 7*k + 9. Let r be a(7). What is the remainder when v(-10) is divided by 4/(-6)*r/(-2)?
0
Suppose -87*i + 91*i - 308 = 0. Suppose 4*s = 5*w + s - 86, 0 = 3*s + 6. What is the remainder when i is divided by w?
13
Suppose -24*v + 5*c = -28*v + 3330, 0 = -2*c + 4. Calculate the remainder when v is divided by 17.
14
Let d be 12/10*430/4. Suppose -7*y + d = -4*y. Calculate the remainder when 213 is divided by y.
41
Suppose 10 = 5*z - 3*w, -3*z + 5*w = -z - 4. Let v = 6 - 4. Calculate the remainder when z is divided by v.
0
Let v(a) = 8*a + 148. Calculate the remainder when 195 is divided by v(-17).
3
Let k(t) = 2*t**2 - 73*t - 54. Calculate the remainder when 175 is divided by k(38).
55
Suppose -3*k - 4*o = -4*k + 23, 4*o + 8 = -4*k. Suppose 0*v - 3*a + 39 = 2*v, k*v - 78 = 2*a. What is the remainder when 68 is divided by v?
20
Suppose 3*j + 4*d - 158 = 0, -3*j - 7*d = -6*j + 202. Calculate the remainder when 694 is divided by j.
56
Suppose 492 = 148*w - 142*w. What is the remainder when 244 is divided by w?
80
Suppose -7*g = -9*g + 146. What is the remainder when g is divided by 39?
34
What is the remainder when 796 is divided by (34716/275)/3 - (-4)/(-50)?
40
Suppose o = k + 8, 3 = -2*o + 11. What is the remainder when 29 is divided by 1/(-4) - -1*(-17)/k?
1
Calculate the remainder when (-5)/(-3)*29493/435 is divided by 72.
41
Calculate the remainder when 204 is divided by (0 + 6/15)*(1 - -169).
0
Let z(c) = 4*c**3 + 5*c - 8*c**2 - 3*c**3 + 0*c**3 + 4*c + 17. Calculate the remainder when z(7) is divided by 17.
14
Let c(h) = 4*h - 12. What is the remainder when c(9) is divided by 371/28 - 1*9/(-12)?
10
Let u = -22 + 37. Suppose 28*i - 392 = 2464. Calculate the remainder when i is divided by u.
12
What is the remainder when 954 is divided by -2 - (4 + -40 + 1 + 0)?
30
Suppose 5*p + 70 = 2*j, -150*j = -152*j - 5*p + 50. Calculate the remainder when j is divided by (-43)/(-4) + 1/4.
8
Let h(l) = -6*l**3 - 12*l**2 - 28*l + 2. Calculate the remainder when h(-4) is divided by 44.
42
Suppose -2*z - z + 6 = 0. Let t = 4 - z. Suppose d + 3*d = -3*r + 223, -5*d + 137 = t*r. What is the remainder when r is divided by 21?
18
Let q(z) = -z**3 + 5*z**2 + 2*z + 6. Let b be q(6). Calculate the remainder when 118 is divided by (-10)/(-5)*1 - b.
18
Suppose -5*u - 3*p + 360 = 0, 0 = 4*u + 2*p - 6 - 282. Calculate the remainder when u is divided by 37.
35
Let y be 2524/(-18) + (-2)/(-9). Let f = -105 - y. Calculate the remainder when f is divided by 20.
15
Suppose -7*a - 6 = 15. Let g(c) = -2*c + 25. Calculate the remainder when g(a) is divided by 12.
7
Let w(n) = 3*n - 4. Let r(v) = -4*v - 3. Let g be r(-8). Suppose -4 = 5*m - g. What is the remainder when w(m) is divided by 3?
2
Suppose -286 = 9*r - 367. Let y = 26 + -14. What is the remainder when y is divided by r?
3
Let r = 605 + -569. Calculate the remainder when 68 is divided by r.
32
Suppose -3*r + 35 = -3*m + 4*m, -2*m = 8. Suppose 2 = -s, -a + r = -5*s - 0. Calculate the remainder when 8 is divided by a.
2
Let i = 54 + -49. Calculate the remainder when 542 is divided by i.
2
Suppose 0 = -5*f + 4*j + 274, 0 = f + f - j - 112. What is the remainder when f is divided by 2?
0
Suppose 0 = 5*o + 3*a - 308, -307 = -5*o - a - a. Let n = o + -42. Suppose 34 = s + f, -4*f - 123 + n = -4*s. Calculate the remainder when s is divided by 8.
6
Suppose -11 = 3*p - 5, -2*p = 2*u + 4. Suppose u = -6*r + 11*r - 255. Calculate the remainder when r is divided by 18.
15
Let k(j) = -8*j + 100. What is the remainder when 95 is divided by k(10)?
15
Let m(x) = 2*x**3 - 4*x**2 - 4*x + 1. What is the remainder when m(4) is divided by 18*((-134)/12 - -12)?
4
Let c be 5 - -1*(-15)/5. Suppose -h = -4*g + 315, 4*g - c*h = -5*h + 303. What is the remainder when g is divided by 40?
38
Let u = -102 + 131. What is the remainder when 38 is divided by u?
9
Let t(k) be the first derivative of 5*k**2/2 - 14*k + 36. Suppose 6 - 92 = -2*v. Calculate the remainder when v is divided by t(5).
10
Let n = 129 - 110. What is the remainder when 55 is divided by n?
17
Suppose -8*h - 4*p = -7*h + 7, 0 = -11*h - p + 52. What is the remainder when (39 + -1)*2/4 is divided by h?
4
Suppose 14*r + 224 = 22*r. Suppose -5*x - 900 = -10*x. Let w = -69 + x. Calculate the remainder when w is divided by r.
27
Suppose -h + 28 = -8. Let y(c) = 3*c**2 + 10*c + 2. What is the remainder when y(-7) is divided by (15/(-10))/((-2)/h)?
25
What is the remainder when 286 is divided by 35/14*((2 - -7) + -5)?
6
Suppose 4*c - w - 1329 = 0, -1323 = -4*c - w + 4*w. What is the remainder when c is divided by 57?
48
Suppose 6*w - 20 = w. Suppose -4*a + w*z = -80, 3*z - 108 = -a - 3*a. Calculate the remainder when 141 is divided by a.
21
Let y(q) = q**2 - 24*q + 129. Let m = 206 - 0. What is the remainder when y(20) is divided by m/8 + 2/8?
23
Suppose -6*i = 3*a - 3*i - 138, i = -4*a + 187. What is the remainder when 419 is divided by a?
43
Let y(h) = -h**3 - 12*h**2 - 15*h + 13. Suppose -12 = -2*z - 3*t + 45, -4*z + 59 = -5*t. What is the remainder when y(-11) is divided by z?
15
Suppose -7*k + 231 = -0*k. Calculate the remainder when 98 is divided by k.
32
Let v = -464 + 708. What is the remainder when v is divided by 41?
39
Let j be (-4 - -4)/((-6)/2). Suppose -229 + 57 = -4*c. Suppose j = -5*k + 7 + c. Calculate the remainder when 37 is divided by k.
7
Let s(h) = 4*h + 8. Let t be s(4). Suppose 0 = -0*k - 3*k + t. Calculate the remainder when 21 is divided by k.
5
Let o be 2/(-5) - ((-180)/(-25))/(-3). Suppose 3*d - o*d - 5 = 0. Calculate the remainder when 34 is divided by d.
4
Let k be (-559)/(-11) + (-6)/(-33) + 0. Suppose -4*i + 1 = -k. Calculate the remainder when 49 is divided by i.
10
Calculate the remainder when 202 is divided by 79 + (7 - 5 - -5).
30
Let a = 648 - 570. Let w(r) = 28*r - 1. What is the remainder when a is divided by w(1)?
24
Let c = -288 - -298. Suppose -3*k + 53 = -64. What is the remainder when k is divided by c?
9
Let a = 1283 + -1267. What is the remainder when 284 is divided by a?
12
Suppose 4*n + 2 - 18 = 0. Let t be -15*(78/(-30) - -1). Suppose -4*z + 20 = 5*a - 78, -a - 3*z = -t. What is the remainder when a is divided by n?
2
Suppose -4*j - 3*r = -4*r - 57, 0 = -j - r + 8. Let d = j - 7. Calcul